Let i be 1/((-1)/z) - -3. Determine y(i).
30
Let m(n) = -51*n - n**2 - 2 + 176*n - 83*n - 48*n. Calculate m(-3).
7
Let p(r) = r**3 - 5*r**2 + 2. Suppose 0 = 4*z + z + 185. Let m = -34 - z. Suppose -18 = -m*w + w + 2*j, 11 = -w - 4*j. What is p(w)?
2
Let n(c) = 2*c**2 + 27*c - 3. Let g(a) = -3*a**2 - 34*a + 4. Let k(j) = -4*g(j) - 5*n(j). Let r(t) = t**2 + 4*t - 19. Let q be r(-7). What is k(q)?
9
Let m(i) = 3*i + 4. Let h be (-1718)/(-14) - (120/21 - 6). Suppose h*c - 114*c + 36 = 0. Give m(c).
-8
Let p(o) = -o**2 - 6*o + 5. Let w(y) = y**2 - 7*y + 1. Let i be w(7). Let t be 1 + -9 + (-2 - i)/(-3). Calculate p(t).
-2
Let i(b) = -b - 1. Let m = -31 - -36. Suppose 24 = m*o + 109. Let z = o + 17. Give i(z).
-1
Let u be (48/9)/((-4)/(-36)) + 5. Suppose -5*c = -58 + 303. Let n = c + u. Let y(p) = p**3 - 4*p**2 + 4. Calculate y(n).
4
Let v(h) = h**3 - 22*h - 15 - 336*h**2 + 695*h**2 - 341*h**2. Calculate v(-19).
42
Suppose 8397*n - 8333*n = -448. Let b(d) = -3 - 4 - 2 - d. Determine b(n).
-2
Let n(g) = -3*g - 1. Let r be (61 + -60)/(2/(-1 + 13)) - -20. Determine n(r).
-79
Let q = 217 - 215. Let n be (-2 + 8 - 8)/(q/3). Let p(y) = y**2 - y. What is p(n)?
12
Suppose 90*k - 91*k - 3*n - 14 = 0, 4*n + 28 = k. Let p(g) be the second derivative of -9*g - 7/6*g**3 + 0 - 5/12*g**k + 3*g**2 + 1/20*g**5. Calculate p(6).
0
Let t(o) = -1297 + 660 + o + 658. Determine t(-24).
-3
Suppose -b = -5*t + 5, -2*t - 2*b = -0 - 2. Let d be (t/(-2))/(-1 + 152/144). Let k(u) = -u - 1. Give k(d).
8
Let j = -4266 + 4272. Let t(m) = -7*m**2 + 2 + 3*m - 4*m + 2*m + m**3 + 5*m. Give t(j).
2
Suppose -2*o = -8*c + 3*c + 37, -4 = -o. Suppose -11 = -5*g + 19. Let p(z) = -2*z - c + g + 3. Determine p(2).
-4
Let w(r) be the second derivative of -r**4/12 + 7*r**3/6 + 19*r**2/2 + 3*r + 4959. What is w(8)?
11
Let k(i) be the first derivative of -i**4/4 - 3*i**3 + 16*i**2 - 39*i - 2882. Calculate k(-12).
9
Let a(l) = 3*l - 6. Let d(b) = 4*b - 4. Let r(f) = 2*a(f) - d(f). Determine r(5).
2
Let q(k) = 2*k. Let t(c) = -3*c + 31. Let a(s) = -2*s + 22. Let b(p) = -7*a(p) + 5*t(p). Let o(y) = b(y) + q(y). Give o(5).
6
Let i(h) be the second derivative of h**5/20 + 5*h**4/6 - h**3/3 - 6*h**2 - h. Let n(y) = -4*y**2 + 451*y + 1858. Let p be n(-4). Determine i(p).
8
Let s(w) = 2*w - 116 + 337 - 138 - 126 + 5*w. Calculate s(5).
-8
Let z(j) = j + 9. Let a = -239 + 439. Let d = a + -191. What is z(d)?
18
Let c(n) = n**3 + 20*n**2 - 7*n - 12. Suppose -133 + 127 = -6*o. Let y(l) = -l**2 + 3*l - 1. Let v(r) = o*c(r) + 6*y(r). What is v(-13)?
8
Suppose 4*z = z - 5*p + 6, 4*p + 26 = 2*z. Let y(r) = z*r - 5*r + 3 + 2*r - 5*r. What is y(-6)?
9
Let j = -23 + 34. Let i(p) = -26*p - 4. Let w(l) = -5*l - 1. Let t(d) = j*w(d) - 2*i(d). Calculate t(-2).
3
Let f(r) = 3*r**2 + 15*r + 10. Let o(t) = -4*t**2 - 16*t - 13. Let d(s) = -5*f(s) - 4*o(s). Suppose 14 = 16*m - 114. Give d(m).
-22
Let a(r) = -766*r**2 + 3 + 2*r + 264*r**2 + 255*r**2 + 263*r**2. What is a(-1)?
17
Let u be 7/(-4 + -3)*(-5 - -1). Suppose b + 14 = 4*x, x + 4*b = -1 - u. Suppose -4*r = 8, -x*r + 1 + 2 = -3*f. Let h(s) = s**3 + s**2 - s + 3. What is h(f)?
-12
Let h(s) = s**3 - 11*s**2 + 23*s - 128. Let x be (-1760)/64*(-1 - (-21)/33). Give h(x).
2
Let c(s) = s**3 - s**2 - 1. Suppose 4*a - 28 = -8, 3*a - 37 = -b. Suppose -13*x + b = -11*x. Suppose -h - 2 = -f, x - 1 = -h + 3*f. Give c(h).
3
Let g(a) be the first derivative of -2*a**2 + a + 1 + 1/3*a**3. Suppose 5*s - 4*q - 47 = 0, 2*s = 3*q + 95 - 65. Give g(s).
-2
Let p(m) be the third derivative of m**5/60 + m**4/6 + m**2 + 127. Give p(-9).
45
Let j(k) = -24*k**3 - k**2 - 7*k + 11. Let o be j(2). Let h = o - -196. Let s(y) = 0 + 2*y - 2 + 3*y + y**2. Calculate s(h).
-8
Let y be 164/(-8) + 20 - 26/4. Let d(n) = n**2 + 9*n + 10. Give d(y).
-4
Let q(u) = 2*u + 0*u + 4*u + 2*u - 4 - u**3 - 7*u**2. Let z = -250 - -194. Let v be 6 + z/(-4 + 8). What is q(v)?
-4
Let l(g) be the second derivative of -g**5/20 + g**4/2 + 4*g**3/3 - g**2 + 3942*g. Let h = -58 + 65. What is l(h)?
5
Suppose s + 35 = 4*j, -12*s - 6 = -3*j + 144. Let u(t) be the third derivative of -t**4/12 + t**3/6 - t**2. Determine u(j).
-11
Let j(m) be the second derivative of m**5/20 + 17*m**4/12 + 43*m**3/6 + 4*m**2 + 5260*m. Calculate j(-14).
-6
Let c(y) = -2*y**2 - 13*y + 10. Let r(l) = l**2 + l + 3. Let a(q) = -c(q) - 3*r(q). Determine a(9).
-10
Let k(y) = 13*y**3 - 3*y**2 + 27*y - 5. Let x(m) = -7*m**3 + 2*m**2 - 14*m + 2. Let i(g) = -6*k(g) - 11*x(g). What is i(-4)?
40
Let p = -30 - -35. Suppose -4*n + m = -41, -m = -2*m - p. Suppose 0 = h + 3*a + 7 + n, 4*a = -h - 19. Let v(r) = r**3 + 8*r**2 + 6*r - 5. Calculate v(h).
2
Suppose -3*c + 12 = 0, -2*d - 2*c + 6 = -4*c. Suppose h = 3*y - d, 3*h - 14 + 2 = -2*y. Let o(j) = -h*j**3 + 3*j**2 + 179*j - 177*j + 3*j**3. Give o(-3).
-6
Let u(f) = -180 - 2*f - 138 - 187 + 491. Determine u(12).
-38
Let q(d) be the second derivative of -d**4/4 - d**2/2 + d - 1. Suppose 11 - 30 = -19*o. Give q(o).
-4
Let u = 3397/2 + -1698. Let c(n) be the second derivative of 0 - 1/6*n**3 + u*n**2 - 26*n. Determine c(4).
-3
Let f(c) be the third derivative of c**7/2520 - c**6/180 + c**5/60 - c**4/4 - 4*c**2. Let d(i) be the second derivative of f(i). Let j = 1186 - 1183. Give d(j).
-1
Suppose z - 1 - 2 = 3*h, -5*h - 5 = -3*z. Let v(b) = 2*b**2 - b - 1. Let c(y) = y**3 + 4*y**2 - 2*y + 16. Let l(f) = c(f) - 2*v(f). Calculate l(z).
18
Let b(c) = c**3 + 7*c**2 - 6. Let r(h) = -16*h - 11*h - 22 + 31*h. Let y be r(9). Let t be (5/((-20)/y))/(2/4). Determine b(t).
-6
Let g = 9411 + -9415. Let n(m) = -m**3 - 5*m**2 + 3*m + 13. What is n(g)?
-15
Suppose -200 = -r - 212. Let p be 9 + r - (-1)/(1/(-4)). Let n(z) = -z**2 - 5*z + 8. What is n(p)?
-6
Let h be ((-7868)/(-843))/(4/(-3)). Let p(y) be the third derivative of y**5/60 + 3*y**4/8 - 4*y**3/3 + y**2. What is p(h)?
-22
Let s(i) = 13*i - 196. Let w be 9 - (0 - 1) - (50 - 188)/23. What is s(w)?
12
Suppose 15 = -10*h + 5*h, -3*v - 6 = 5*h. Let a be (-2 - -5) + -4 + v. Let u(o) = 1 + 2*o + o**2 + 0*o**a - 2*o + 8*o. Give u(-6).
-11
Suppose -3*r - 3*z = z - 6, 2*z = 0. Suppose -r*u - 4*d = 8, 0 = 6*u - 2*u - d - 20. Let n(s) = -15497*s**2 + s - 5 + 30995*s**2 - 15497*s**2. Calculate n(u).
15
Let q(u) = -8*u**2 - 11*u - 3. Let f(i) be the first derivative of -2*i**3 - 5*i**2 - 2*i - 76. Let k(c) = -5*f(c) + 4*q(c). Calculate k(5).
-22
Let d(a) = 2*a**2 + 40*a + 3309 + 3410 + 3309 - 9876. Give d(-5).
2
Let v(r) = -33*r**2 - 40*r**2 - 12 - 33*r**2 - 8 + 107*r**2. Let n be v(4). Let b(d) = 2*d + 5. Give b(n).
-3
Let d(w) be the second derivative of -7*w**4/24 + w**3/6 - 5*w**2 + w + 7. Let r(v) be the first derivative of d(v). Calculate r(3).
-20
Let i(w) be the first derivative of -7*w**2/2 - 85*w - 688. What is i(-12)?
-1
Let y = 7859 + -7835. Let w(t) = -t**2 + 22*t + 38. What is w(y)?
-10
Let c(b) = b**2 + 10*b + 5. Let l(d) = d**2 + 13*d + 6. Let x(o) = -5*c(o) + 4*l(o). Let h(q) = q**2. Let y be h(1). Let a be (13 - y)/(-3) - -2. Give x(a).
-9
Let x(z) be the first derivative of 171 - 3/2*z**2 + 31*z. Determine x(8).
7
Let j(t) = -5*t - 3. Let r(b) be the second derivative of 3*b**3/2 + 7*b**2/2 + 4*b. Let o(p) = -7*j(p) - 4*r(p). Suppose -15 = 3*d - 6. Determine o(d).
-4
Let v(m) = 18*m**2 - 50*m**2 - 26*m - 53*m + 79*m + 2. Give v(-1).
-30
Let l(z) be the first derivative of -3*z**2 + 69*z + 3111. Determine l(9).
15
Let y = 22 - 26. Let u(q) be the second derivative of -q**4/12 - 2*q**3/3 - q**2 + 4*q. Let b(k) = -k**2 - 3*k - 1. Let w(j) = y*u(j) + 6*b(j). Give w(-3).
-10
Let n = -24 - -22. Let i = 24 + -20. Let k(w) = 2*w + 5*w - i*w + 1 - 2*w. Calculate k(n).
-1
Let v be (-12)/120 + ((-738)/20)/(-9). Let g(o) = 2*o**2 - 7*o + 8. Determine g(v).
12
Let h be (-2)/(-2)*(60/18)/((-2)/(-3)). Let w(u) = 8*u - 33. Calculate w(h).
7
Let a(n) = 7*n - 1. Let z(l) = -l - 1. Let h be 20/(-4) + 0 - 1. Let v(x) = h*z(x) - a(x). Determine v(14).
-7
Let j(g) = -g**2 + 13*g - 21. Let i be 20 - (5 - 2)*(-56)/(-21). Calculate j(i).
-9
Let t = -4 - -10. Let r(d) = 7*d**3 - 17*d**2 + 7*d - 3. Let o(k) = 0*k + 2 - 3*k**3 + 8*k**2 - 5*k + 2*k. Let u(g) = 5*o(g) + 2*r(g). Calculate u(t).
-2
Let q be (26/(-104))/(6/(-144)). Let w(m) = 3*m - 39. Determine w(q).
-21
Let i(s) = -s**2 + s + 